{"id":24,"date":"2026-05-17T07:01:42","date_gmt":"2026-05-17T07:01:42","guid":{"rendered":"https:\/\/associados.imprensaamazonica.com.br\/index.php\/sala-de-aulas\/"},"modified":"2026-05-17T07:01:43","modified_gmt":"2026-05-17T07:01:43","slug":"sala-de-aulas","status":"publish","type":"page","link":"https:\/\/associados.imprensaamazonica.com.br\/index.php\/sala-de-aulas\/","title":{"rendered":"Sala de Aulas"},"content":{"rendered":"\t\t<div data-elementor-type=\"wp-page\" data-elementor-id=\"24\" class=\"elementor elementor-24\">\n\t\t\t\t<div class=\"elementor-element elementor-element-29541497 e-con-full e-flex e-con e-parent\" data-id=\"29541497\" data-element_type=\"container\" data-e-type=\"container\" data-settings=\"{&quot;background_background&quot;:&quot;classic&quot;}\">\n\t\t<div class=\"elementor-element elementor-element-88b9323 e-con-full e-flex e-con e-child\" data-id=\"88b9323\" data-element_type=\"container\" data-e-type=\"container\">\n\t\t\t\t<div class=\"elementor-element elementor-element-624ffbc5 elementor-position-inline-start elementor-mobile-position-inline-start elementor-view-default elementor-widget elementor-widget-icon-box\" data-id=\"624ffbc5\" data-element_type=\"widget\" data-e-type=\"widget\" data-widget_type=\"icon-box.default\">\n\t\t\t\t\t\t\t<div class=\"elementor-icon-box-wrapper\">\n\n\t\t\t\t\t\t<div class=\"elementor-icon-box-icon\">\n\t\t\t\t<a href=\"\/\" class=\"elementor-icon\" tabindex=\"-1\" aria-label=\"In\u00edcio\">\n\t\t\t\t<svg aria-hidden=\"true\" class=\"e-font-icon-svg e-fas-home\" viewBox=\"0 0 576 512\" xmlns=\"http:\/\/www.w3.org\/2000\/svg\"><path d=\"M280.37 148.26L96 300.11V464a16 16 0 0 0 16 16l112.06-.29a16 16 0 0 0 15.92-16V368a16 16 0 0 1 16-16h64a16 16 0 0 1 16 16v95.64a16 16 0 0 0 16 16.05L464 480a16 16 0 0 0 16-16V300L295.67 148.26a12.19 12.19 0 0 0-15.3 0zM571.6 251.47L488 182.56V44.05a12 12 0 0 0-12-12h-56a12 12 0 0 0-12 12v72.61L318.47 43a48 48 0 0 0-61 0L4.34 251.47a12 12 0 0 0-1.6 16.9l25.5 31A12 12 0 0 0 45.15 301l235.22-193.74a12.19 12.19 0 0 1 15.3 0L530.9 301a12 12 0 0 0 16.9-1.6l25.5-31a12 12 0 0 0-1.7-16.93z\"><\/path><\/svg>\t\t\t\t<\/a>\n\t\t\t<\/div>\n\t\t\t\n\t\t\t\t\t\t<div class=\"elementor-icon-box-content\">\n\n\t\t\t\t\t\t\t\t\t<div class=\"elementor-icon-box-title\">\n\t\t\t\t\t\t<a href=\"\/\" >\n\t\t\t\t\t\t\tIn\u00edcio\t\t\t\t\t\t<\/a>\n\t\t\t\t\t<\/div>\n\t\t\t\t\n\t\t\t\t\n\t\t\t<\/div>\n\t\t\t\n\t\t<\/div>\n\t\t\t\t\t\t<\/div>\n\t\t\t\t<\/div>\n\t\t\t\t<\/div>\n\t\t<div class=\"elementor-element elementor-element-2ec3a74f e-flex e-con-boxed e-con e-parent\" data-id=\"2ec3a74f\" data-element_type=\"container\" data-e-type=\"container\" data-settings=\"{&quot;background_background&quot;:&quot;classic&quot;}\">\n\t\t\t\t\t<div class=\"e-con-inner\">\n\t\t\t\t<div class=\"elementor-element elementor-element-18d4af78 elementor-widget elementor-widget-sala-de-aula\" data-id=\"18d4af78\" data-element_type=\"widget\" data-e-type=\"widget\" data-widget_type=\"sala-de-aula.default\">\n\t\t\t\t<div class=\"elementor-widget-container\">\n\t\t\t\t\t        \r\n        <div class=\"sala-de-aula-widget sala-width-wide\" \r\n             data-course-id=\"curso-1\"\r\n             data-current-lesson=\"0\"\r\n             style=\"max-width: 1440px;\">\r\n            \r\n            <!-- Progress Bar -->\r\n            <div class=\"sala-progress-container\">\r\n                <div class=\"sala-progress-label\">\r\n                    <strong>PROGRESSO<\/strong>\r\n                    <span class=\"sala-progress-percentage\">0%<\/span>\r\n                <\/div>\r\n                <div class=\"sala-progress-bar\">\r\n                    <div class=\"sala-progress-fill\" style=\"width: 0%\"><\/div>\r\n                <\/div>\r\n            <\/div>\r\n\r\n            <!-- Main Content Area -->\r\n            <div class=\"sala-main-content\">\r\n                \r\n                <!-- Video Player Section -->\r\n                <div class=\"sala-video-section\">\r\n                    <div class=\"sala-video-container\">\r\n                        <div id=\"sala-video-player\" class=\"sala-video-player\">\r\n                            <div class=\"sala-video-locked\" style=\"background-image:url(https:\/\/img.youtube.com\/vi\/dQw4w9WgXcQ\/hqdefault.jpg);\"><div class=\"sala-locked-message\">Conte\u00fado restrito<\/div><div class=\"sala-locked-actions\"><a class=\"sala-btn sala-btn-primary\" href=\"#\">Saiba mais<\/a><\/div><\/div>                        <\/div>\r\n                    <\/div>\r\n                    \r\n                    <!-- Navigation Buttons -->\r\n                    <div class=\"sala-navigation\">\r\n                        <button class=\"sala-nav-btn sala-prev-btn\" \r\n                                disabled aria-label=\"Voltar aula\" aria-disabled=\"true\">\r\n                            \u2190 VOLTAR\r\n                        <\/button>\r\n                        <span class=\"sala-nav-spacer\"><\/span>\r\n                        <button class=\"sala-nav-btn sala-next-btn\"\r\n                                 aria-label=\"Pr\u00f3xima aula\" aria-disabled=\"false\">\r\n                            PR\u00d3XIMA \u2192\r\n                        <\/button>\r\n                    <\/div>\r\n\r\n                    <!-- Lesson Info -->\r\n                    <div class=\"sala-lesson-info\">\r\n                        <h3 class=\"sala-lesson-title\" id=\"sala-current-title\">\r\n                            Aula 1 - Introdu\u00e7\u00e3o                        <\/h3>\r\n                        <div class=\"sala-lesson-description\" id=\"sala-current-description\">\r\n                            Nesta aula voc\u00ea aprender\u00e1 os conceitos b\u00e1sicos...                        <\/div>\r\n                        \r\n                                            <\/div>\r\n                <\/div>\r\n\r\n                <!-- Lessons List -->\r\n                <div class=\"sala-lessons-sidebar\">\r\n                    <div class=\"sala-lessons-header\">\r\n                        <h4>\u00c1rea de Membros Pro<\/h4>\r\n                    <\/div>\r\n                    <div class=\"sala-lessons-list\" role=\"list\">\r\n                                                <div class=\"sala-lesson-item active \"\r\n                             data-lesson-index=\"0\"\r\n                             data-lesson-id=\"aula-1\"\r\n                             role=\"listitem\" tabindex=\"0\" aria-label=\"Aula 1 - Introdu\u00e7\u00e3o\" aria-current=\"true\">\r\n                                                        <div class=\"sala-lesson-details\">\r\n                                <div class=\"sala-lesson-name\">Aula 1 - Introdu\u00e7\u00e3o<\/div>\r\n                            <\/div>\r\n                        <\/div>\r\n                                                <div class=\"sala-lesson-item  \"\r\n                             data-lesson-index=\"1\"\r\n                             data-lesson-id=\"aula-2\"\r\n                             role=\"listitem\" tabindex=\"0\" aria-label=\"Aula 2 - Conceitos Avan\u00e7ados\" >\r\n                                                        <div class=\"sala-lesson-details\">\r\n                                <div class=\"sala-lesson-name\">Aula 2 - Conceitos Avan\u00e7ados<\/div>\r\n                            <\/div>\r\n                        <\/div>\r\n                                            <\/div>\r\n                <\/div>\r\n            <\/div>\r\n\r\n            <!-- Comments Section -->\r\n            <div class=\"sala-comments-section\">\r\n                <h4 id=\"sala-comments-title\">COMENT\u00c1RIOS<\/h4>\r\n                <div id=\"sala-toast-region\" class=\"sala-toast-region\" role=\"status\" aria-live=\"polite\" aria-atomic=\"true\"><\/div>\r\n                \r\n                                <p class=\"sala-login-message\">\r\n                    <a href=\"https:\/\/associados.imprensaamazonica.com.br\/wp-login.php?redirect_to=https%3A%2F%2Fassociados.imprensaamazonica.com.br%2Findex.php%2Fsala-de-aulas%2F\">Fa\u00e7a login<\/a> para comentar.\r\n                <\/p>\r\n                \r\n                <div class=\"sala-comments-list\" id=\"sala-comments-list\">\r\n                    <p class=\"sala-no-comments\">Nenhum coment\u00e1rio ainda. Seja o primeiro a comentar!<\/p>                <\/div>\r\n            <\/div>\r\n\r\n            <!-- Hidden data for JavaScript -->\r\n            <script type=\"application\/json\" id=\"sala-lessons-data\">\r\n                [{\"lesson_id\":\"aula-1\",\"lesson_title\":\"Aula 1 - Introdu\\u00e7\\u00e3o\",\"lesson_description\":\"Nesta aula voc\\u00ea aprender\\u00e1 os conceitos b\\u00e1sicos...\",\"video_url\":{\"url\":\"https:\\\/\\\/www.youtube.com\\\/watch?v=dQw4w9WgXcQ\",\"is_external\":\"\",\"nofollow\":\"\",\"custom_attributes\":\"\"},\"_id\":\"61b01b3\",\"system_ids\":[\"01\"],\"public\":\"\",\"lesson_button_text\":\"\",\"lesson_button_url\":null,\"video_type\":\"youtube\",\"url_no_access\":{\"url\":\"#\"},\"days\":0,\"has_access\":false,\"days_left\":0},{\"lesson_id\":\"aula-2\",\"lesson_title\":\"Aula 2 - Conceitos Avan\\u00e7ados\",\"lesson_description\":\"Agora vamos para conceitos mais avan\\u00e7ados...\",\"video_url\":{\"url\":\"https:\\\/\\\/www.youtube.com\\\/watch?v=dQw4w9WgXcQ\",\"is_external\":\"\",\"nofollow\":\"\",\"custom_attributes\":\"\"},\"_id\":\"a2377bd\",\"system_ids\":[\"01\"],\"days\":6,\"lesson_button_text\":\"\",\"lesson_button_url\":null,\"video_type\":\"youtube\",\"url_no_access\":{\"url\":\"#\"},\"public\":\"no\",\"has_access\":false,\"days_left\":0}]            <\/script>\r\n                    <\/div>\r\n        \r\n        \t\t\t\t<\/div>\n\t\t\t\t<\/div>\n\t\t\t\t\t<\/div>\n\t\t\t\t<\/div>\n\t\t\t\t<\/div>\n\t\t","protected":false},"excerpt":{"rendered":"<p>In\u00edcio PROGRESSO 0% Conte\u00fado restritoSaiba mais \u2190 VOLTAR PR\u00d3XIMA \u2192 Aula 1 &#8211; Introdu\u00e7\u00e3o Nesta aula voc\u00ea aprender\u00e1 os conceitos b\u00e1sicos&#8230; \u00c1rea de Membros Pro Aula 1 &#8211; Introdu\u00e7\u00e3o Aula 2 &#8211; Conceitos Avan\u00e7ados COMENT\u00c1RIOS Adicionar coment\u00e1rio M\u00e1ximo de 500 caracteres. 0\/500 Enviar Coment\u00e1rio Nenhum coment\u00e1rio ainda. Seja o primeiro a comentar!<\/p>\n","protected":false},"author":1,"featured_media":0,"parent":0,"menu_order":0,"comment_status":"closed","ping_status":"closed","template":"elementor_theme_base","meta":{"footnotes":""},"class_list":["post-24","page","type-page","status-publish","hentry"],"_links":{"self":[{"href":"https:\/\/associados.imprensaamazonica.com.br\/index.php\/wp-json\/wp\/v2\/pages\/24","targetHints":{"allow":["GET"]}}],"collection":[{"href":"https:\/\/associados.imprensaamazonica.com.br\/index.php\/wp-json\/wp\/v2\/pages"}],"about":[{"href":"https:\/\/associados.imprensaamazonica.com.br\/index.php\/wp-json\/wp\/v2\/types\/page"}],"author":[{"embeddable":true,"href":"https:\/\/associados.imprensaamazonica.com.br\/index.php\/wp-json\/wp\/v2\/users\/1"}],"replies":[{"embeddable":true,"href":"https:\/\/associados.imprensaamazonica.com.br\/index.php\/wp-json\/wp\/v2\/comments?post=24"}],"version-history":[{"count":2,"href":"https:\/\/associados.imprensaamazonica.com.br\/index.php\/wp-json\/wp\/v2\/pages\/24\/revisions"}],"predecessor-version":[{"id":32,"href":"https:\/\/associados.imprensaamazonica.com.br\/index.php\/wp-json\/wp\/v2\/pages\/24\/revisions\/32"}],"wp:attachment":[{"href":"https:\/\/associados.imprensaamazonica.com.br\/index.php\/wp-json\/wp\/v2\/media?parent=24"}],"curies":[{"name":"wp","href":"https:\/\/api.w.org\/{rel}","templated":true}]}}